{"id":4019,"date":"2025-04-30T22:04:31","date_gmt":"2025-04-30T22:04:31","guid":{"rendered":"https:\/\/neurodivershop.com\/?post_type=product&#038;p=4019"},"modified":"2025-11-01T21:00:52","modified_gmt":"2025-11-01T21:00:52","slug":"patito-apretable","status":"publish","type":"product","link":"https:\/\/neurodivershop.com\/index.php\/product\/patito-apretable\/","title":{"rendered":"Patito apretable"},"content":{"rendered":"<p>Cuando tuve mi diagn\u00f3stico de autismo y empec\u00e9 a ir a juntas autistas, una vez alguien llev\u00f3 el mejor fidget que ha pasado por mis manos: era un patito apretable, hermoso, tiern\u00edsimo, con textura suave, no pegajoso y extremadamente agradable al tacto. Desde entonces me tom\u00f3 dos a\u00f1os encontrarlo y ahora estoy emocionad\u00edsima de ponerlo a tu disposici\u00f3n, porque es lo m\u00e1ximo.<\/p>\n<p>Este patito apretable es muy el\u00e1stico, tiene una textura suave y para nada pegajosa y \u00a1es demasiado lindo! Ll\u00e9valo contigo para ayudarte a concentrarte, a relajarte y a sonre\u00edr cada vez que lo mires.<\/p>\n","protected":false},"excerpt":{"rendered":"<p>Cuando tuve mi diagn\u00f3stico de autismo y empec\u00e9 a ir a juntas autistas, una vez alguien llev\u00f3 el mejor fidget que ha pasado por mis manos: era un patito apretable, hermoso, tiern\u00edsimo, con textura suave, no pegajoso y extremadamente agradable al tacto. Desde entonces me tom\u00f3 dos a\u00f1os encontrarlo y ahora estoy emocionad\u00edsima de ponerlo a tu disposici\u00f3n, porque es lo m\u00e1ximo.<\/p>\n<p>Este patito apretable es muy el\u00e1stico, tiene una textura suave y para nada pegajosa y \u00a1es demasiado lindo! Ll\u00e9valo contigo para ayudarte a concentrarte, a relajarte y a sonre\u00edr cada vez que lo mires.<\/p>\n","protected":false},"featured_media":4029,"template":"","meta":{"om_disable_all_campaigns":false,"_monsterinsights_skip_tracking":false,"_monsterinsights_sitenote_active":false,"_monsterinsights_sitenote_note":"","_monsterinsights_sitenote_category":0,"site-sidebar-layout":"default","site-content-layout":"default","ast-global-header-display":"","ast-main-header-display":"","ast-hfb-above-header-display":"","ast-hfb-below-header-display":"","ast-hfb-mobile-header-display":"","site-post-title":"","ast-breadcrumbs-content":"","ast-featured-img":"","footer-sml-layout":"","theme-transparent-header-meta":"default","adv-header-id-meta":"","stick-header-meta":"","header-above-stick-meta":"","header-main-stick-meta":"","header-below-stick-meta":""},"product_brand":[],"product_cat":[23],"product_tag":[24,25],"class_list":{"0":"post-4019","1":"product","2":"type-product","3":"status-publish","4":"has-post-thumbnail","6":"product_cat-fidgets","7":"product_tag-apretables","8":"product_tag-fidgets","9":"desktop-align-left","10":"tablet-align-left","11":"mobile-align-left","13":"first","14":"instock","15":"shipping-taxable","16":"purchasable","17":"product-type-simple"},"aioseo_notices":[],"jetpack_sharing_enabled":true,"_links":{"self":[{"href":"https:\/\/neurodivershop.com\/index.php\/wp-json\/wp\/v2\/product\/4019","targetHints":{"allow":["GET"]}}],"collection":[{"href":"https:\/\/neurodivershop.com\/index.php\/wp-json\/wp\/v2\/product"}],"about":[{"href":"https:\/\/neurodivershop.com\/index.php\/wp-json\/wp\/v2\/types\/product"}],"wp:featuredmedia":[{"embeddable":true,"href":"https:\/\/neurodivershop.com\/index.php\/wp-json\/wp\/v2\/media\/4029"}],"wp:attachment":[{"href":"https:\/\/neurodivershop.com\/index.php\/wp-json\/wp\/v2\/media?parent=4019"}],"wp:term":[{"taxonomy":"product_brand","embeddable":true,"href":"https:\/\/neurodivershop.com\/index.php\/wp-json\/wp\/v2\/product_brand?post=4019"},{"taxonomy":"product_cat","embeddable":true,"href":"https:\/\/neurodivershop.com\/index.php\/wp-json\/wp\/v2\/product_cat?post=4019"},{"taxonomy":"product_tag","embeddable":true,"href":"https:\/\/neurodivershop.com\/index.php\/wp-json\/wp\/v2\/product_tag?post=4019"}],"curies":[{"name":"wp","href":"https:\/\/api.w.org\/{rel}","templated":true}]}}