{"id":2681,"date":"2023-05-03T22:46:46","date_gmt":"2023-05-03T22:46:46","guid":{"rendered":"https:\/\/neurodivershop.com\/?post_type=product&#038;p=2681"},"modified":"2026-03-03T03:24:58","modified_gmt":"2026-03-03T03:24:58","slug":"anillo-spinner","status":"publish","type":"product","link":"https:\/\/neurodivershop.com\/index.php\/product\/anillo-spinner\/","title":{"rendered":"Anillo spinner"},"content":{"rendered":"<p>Este anillo es el compa\u00f1ero perfecto para aquellos que buscan una manera discreta y efectiva de manejar la ansiedad. Ya sea que sueles andar nervios@, te comes las u\u00f1as o necesitas hacer stimming con tus dedos, el anillo te ayuda a regularte.<\/p>\n<p>Est\u00e1 dise\u00f1ado para girar suavemente en tu dedo, proporcionando una experiencia t\u00e1ctil y relajante que puede ayudar a reducir la ansiedad y el estr\u00e9s. Gira deliciosamente sin trabas y adem\u00e1s tiene un dise\u00f1o lindo, discreto y f\u00e1cilmente combinable.<\/p>\n<p>&nbsp;<\/p>\n","protected":false},"excerpt":{"rendered":"<p>Este anillo es el compa\u00f1ero perfecto para aquellos que buscan una manera discreta y efectiva de manejar la ansiedad. Ya sea que sueles andar nervios@, te comes las u\u00f1as o necesitas hacer stimming con tus dedos, el anillo te ayuda a regularte.<\/p>\n<p>Est\u00e1 dise\u00f1ado para girar suavemente en tu dedo, proporcionando una experiencia t\u00e1ctil y relajante que puede ayudar a reducir la ansiedad y el estr\u00e9s. Gira deliciosamente sin trabas y adem\u00e1s tiene un dise\u00f1o lindo, discreto y f\u00e1cilmente combinable.<\/p>\n<p>&nbsp;<\/p>\n","protected":false},"featured_media":2684,"template":"","meta":{"om_disable_all_campaigns":false,"_monsterinsights_skip_tracking":false,"_monsterinsights_sitenote_active":false,"_monsterinsights_sitenote_note":"","_monsterinsights_sitenote_category":0,"site-sidebar-layout":"default","site-content-layout":"default","ast-global-header-display":"","ast-main-header-display":"","ast-hfb-above-header-display":"","ast-hfb-below-header-display":"","ast-hfb-mobile-header-display":"","site-post-title":"","ast-breadcrumbs-content":"","ast-featured-img":"","footer-sml-layout":"","theme-transparent-header-meta":"default","adv-header-id-meta":"","stick-header-meta":"","header-above-stick-meta":"","header-main-stick-meta":"","header-below-stick-meta":""},"product_brand":[],"product_cat":[37,70,23],"product_tag":[38,25,30],"class_list":{"0":"post-2681","1":"product","2":"type-product","3":"status-publish","4":"has-post-thumbnail","6":"product_cat-accesorio","7":"product_cat-anillos","8":"product_cat-fidgets","9":"product_tag-accesorio","10":"product_tag-fidgets","11":"product_tag-spinner","12":"desktop-align-left","13":"tablet-align-left","14":"mobile-align-left","16":"first","17":"instock","18":"shipping-taxable","19":"purchasable","20":"product-type-simple"},"aioseo_notices":[],"jetpack_sharing_enabled":true,"_links":{"self":[{"href":"https:\/\/neurodivershop.com\/index.php\/wp-json\/wp\/v2\/product\/2681","targetHints":{"allow":["GET"]}}],"collection":[{"href":"https:\/\/neurodivershop.com\/index.php\/wp-json\/wp\/v2\/product"}],"about":[{"href":"https:\/\/neurodivershop.com\/index.php\/wp-json\/wp\/v2\/types\/product"}],"wp:featuredmedia":[{"embeddable":true,"href":"https:\/\/neurodivershop.com\/index.php\/wp-json\/wp\/v2\/media\/2684"}],"wp:attachment":[{"href":"https:\/\/neurodivershop.com\/index.php\/wp-json\/wp\/v2\/media?parent=2681"}],"wp:term":[{"taxonomy":"product_brand","embeddable":true,"href":"https:\/\/neurodivershop.com\/index.php\/wp-json\/wp\/v2\/product_brand?post=2681"},{"taxonomy":"product_cat","embeddable":true,"href":"https:\/\/neurodivershop.com\/index.php\/wp-json\/wp\/v2\/product_cat?post=2681"},{"taxonomy":"product_tag","embeddable":true,"href":"https:\/\/neurodivershop.com\/index.php\/wp-json\/wp\/v2\/product_tag?post=2681"}],"curies":[{"name":"wp","href":"https:\/\/api.w.org\/{rel}","templated":true}]}}