{"id":2629,"date":"2023-04-16T23:25:59","date_gmt":"2023-04-16T23:25:59","guid":{"rendered":"https:\/\/neurodivershop.com\/?post_type=product&#038;p=2629"},"modified":"2025-12-27T15:23:53","modified_gmt":"2025-12-27T15:23:53","slug":"planificador-de-tareas-para-la-disfuncion-ejecutiva","status":"publish","type":"product","link":"https:\/\/neurodivershop.com\/index.php\/product\/planificador-de-tareas-para-la-disfuncion-ejecutiva\/","title":{"rendered":"Planificador de tareas para las dificultades en la funci\u00f3n ejecutiva"},"content":{"rendered":"<p>Si te cuesta llevar control de las tareas pendientes, pastillas a tomar, actividades en el hogar, rutinas de higiene o cualquier cosa que tengas que hacer y te resulte dif\u00edcil y las agendas no te ayudan porque te olvidas de mirarlas, este planificador es para ti.<\/p>\n<p>Tiene espacio para organizar 10 elementos, con botones deslizables para marcar si ya lo realizaste o a\u00fan no, y viene con un colgador en la parte de atr\u00e1s para que puedas tenerlo a la mano siempre.<\/p>\n<p>\u00a1Es la forma m\u00e1s sencilla de tener tus tareas al d\u00eda y no olvidarte nunca m\u00e1s de tus pendientes!<\/p>\n","protected":false},"excerpt":{"rendered":"<p>Si te cuesta llevar control de las tareas pendientes, pastillas a tomar, actividades en el hogar, rutinas de higiene o cualquier cosa que tengas que hacer y te resulte dif\u00edcil y las agendas no te ayudan porque te olvidas de mirarlas, este planificador es para ti.<\/p>\n<p>Tiene espacio para organizar 10 elementos, con botones deslizables para marcar si ya lo realizaste o a\u00fan no, y viene con un colgador en la parte de atr\u00e1s para que puedas tenerlo a la mano siempre.<\/p>\n<p>\u00a1Es la forma m\u00e1s sencilla de tener tus tareas al d\u00eda y no olvidarte nunca m\u00e1s de tus pendientes!<\/p>\n","protected":false},"featured_media":2630,"template":"","meta":{"om_disable_all_campaigns":false,"_monsterinsights_skip_tracking":false,"_monsterinsights_sitenote_active":false,"_monsterinsights_sitenote_note":"","_monsterinsights_sitenote_category":0,"site-sidebar-layout":"default","site-content-layout":"default","ast-global-header-display":"","ast-main-header-display":"","ast-hfb-above-header-display":"","ast-hfb-below-header-display":"","ast-hfb-mobile-header-display":"","site-post-title":"","ast-breadcrumbs-content":"","ast-featured-img":"","footer-sml-layout":"","theme-transparent-header-meta":"default","adv-header-id-meta":"","stick-header-meta":"","header-above-stick-meta":"","header-main-stick-meta":"","header-below-stick-meta":""},"product_brand":[],"product_cat":[54],"product_tag":[35,57,55,56],"class_list":{"0":"post-2629","1":"product","2":"type-product","3":"status-publish","4":"has-post-thumbnail","6":"product_cat-organizacion","7":"product_tag-estilo-de-vida","8":"product_tag-hogar","9":"product_tag-organizacion","10":"product_tag-planificacion","11":"desktop-align-left","12":"tablet-align-left","13":"mobile-align-left","15":"first","16":"instock","17":"shipping-taxable","18":"purchasable","19":"product-type-simple"},"aioseo_notices":[],"jetpack_sharing_enabled":true,"_links":{"self":[{"href":"https:\/\/neurodivershop.com\/index.php\/wp-json\/wp\/v2\/product\/2629","targetHints":{"allow":["GET"]}}],"collection":[{"href":"https:\/\/neurodivershop.com\/index.php\/wp-json\/wp\/v2\/product"}],"about":[{"href":"https:\/\/neurodivershop.com\/index.php\/wp-json\/wp\/v2\/types\/product"}],"wp:featuredmedia":[{"embeddable":true,"href":"https:\/\/neurodivershop.com\/index.php\/wp-json\/wp\/v2\/media\/2630"}],"wp:attachment":[{"href":"https:\/\/neurodivershop.com\/index.php\/wp-json\/wp\/v2\/media?parent=2629"}],"wp:term":[{"taxonomy":"product_brand","embeddable":true,"href":"https:\/\/neurodivershop.com\/index.php\/wp-json\/wp\/v2\/product_brand?post=2629"},{"taxonomy":"product_cat","embeddable":true,"href":"https:\/\/neurodivershop.com\/index.php\/wp-json\/wp\/v2\/product_cat?post=2629"},{"taxonomy":"product_tag","embeddable":true,"href":"https:\/\/neurodivershop.com\/index.php\/wp-json\/wp\/v2\/product_tag?post=2629"}],"curies":[{"name":"wp","href":"https:\/\/api.w.org\/{rel}","templated":true}]}}