{"id":2562,"date":"2023-03-23T22:47:16","date_gmt":"2023-03-23T22:47:16","guid":{"rendered":"https:\/\/neurodivershop.com\/?post_type=product&#038;p=2562"},"modified":"2026-03-17T17:26:24","modified_gmt":"2026-03-17T17:26:24","slug":"audifonos-de-cancelacion-de-ruido","status":"publish","type":"product","link":"https:\/\/neurodivershop.com\/index.php\/product\/audifonos-de-cancelacion-de-ruido\/","title":{"rendered":"Aud\u00edfonos de cancelaci\u00f3n de ruido"},"content":{"rendered":"<p>\u00a1El producto que m\u00e1s me han pedido lleg\u00f3 finalmente a la tienda! Estos aud\u00edfonos ofrecen un sonido de alta fidelidad y son muy c\u00f3modos gracias a sus materiales de alta calidad y suaves almohadillas. Tarda dos horas y media en cargarse por completo (con puerto de carga C, que viene incluido) y la bater\u00eda dura 28 horas en reproducci\u00f3n y 266 horas en espera. Se conecta por Bluetooth (5.1) de forma muy sencilla y estable, y trae un cable para conexi\u00f3n directa. Est\u00e1 muy bien dise\u00f1ado y no aprieta, adem\u00e1s se puede ajustar, pues es extensible y tambi\u00e9n plegable. Pero como si todo esto no fuera suficiente, tiene la funci\u00f3n m\u00e1s importante para nosotros los neurodivergentes y es que tiene un dise\u00f1o inteligente para cancelaci\u00f3n de ruido externo, as\u00ed que la m\u00fasica se escucha mejor pero adem\u00e1s si no est\u00e1s escuchando m\u00fasica puedes igual usarlos para reducir ruidos ambientales. Cuenta con un micr\u00f3fono integrado y botones externos para control de volumen.<\/p>\n<p>Protegen aproximadamente 35 dB.<\/p>\n<p>Son marca Sindoo, que es una empresa con 15 a\u00f1os en el mercado y con certificaci\u00f3n ISO 9001 y BSCI.<\/p>\n<p>&nbsp;<\/p>\n","protected":false},"excerpt":{"rendered":"<p>\u00a1El producto que m\u00e1s me han pedido lleg\u00f3 finalmente a la tienda! Estos aud\u00edfonos ofrecen un sonido de alta fidelidad y son muy c\u00f3modos gracias a sus materiales de alta calidad y suaves almohadillas para las orejas y para la cabeza. Tarda dos horas y media en cargarse por completo (con puerto de carga C, que viene incluido) y la bater\u00eda dura 28 horas en reproducci\u00f3n y 266 horas en espera. Se conecta por Bluetooth (5.1) de forma muy sencilla y estable, y trae un cable para conexi\u00f3n directa. Est\u00e1 muy bien dise\u00f1ado y no aprieta, adem\u00e1s se puede ajustar, pues es extensible y tambi\u00e9n plegable. Pero como si todo esto no fuera suficiente, tiene la funci\u00f3n m\u00e1s importante para nosotros los neurodivergentes y es que tiene un dise\u00f1o inteligente para cancelaci\u00f3n de ruido externo, as\u00ed que la m\u00fasica se escucha mejor pero adem\u00e1s si no est\u00e1s escuchando m\u00fasica puedes igual usarlos para reducir ruidos ambientales. Cuenta con un micr\u00f3fono integrado y botones externos para control de volumen.<\/p>\n<p>Protegen aproximadamente 35 dB.<\/p>\n<p>Son marca Sindoo, que es una empresa con 15 a\u00f1os en el mercado y con certificaci\u00f3n ISO 9001 y BSCI.<\/p>\n","protected":false},"featured_media":2564,"template":"","meta":{"om_disable_all_campaigns":false,"_monsterinsights_skip_tracking":false,"_monsterinsights_sitenote_active":false,"_monsterinsights_sitenote_note":"","_monsterinsights_sitenote_category":0,"site-sidebar-layout":"default","site-content-layout":"default","ast-global-header-display":"","ast-main-header-display":"","ast-hfb-above-header-display":"","ast-hfb-below-header-display":"","ast-hfb-mobile-header-display":"","site-post-title":"","ast-breadcrumbs-content":"","ast-featured-img":"","footer-sml-layout":"","theme-transparent-header-meta":"default","adv-header-id-meta":"","stick-header-meta":"","header-above-stick-meta":"","header-main-stick-meta":"","header-below-stick-meta":""},"product_brand":[],"product_cat":[52,69],"product_tag":[53,35],"class_list":{"0":"post-2562","1":"product","2":"type-product","3":"status-publish","4":"has-post-thumbnail","6":"product_cat-audifonos","7":"product_cat-proteccion-auditiva","8":"product_tag-audifonos-con-cancelacion-de-ruido","9":"product_tag-estilo-de-vida","10":"product_shipping_class-producto-grande","11":"desktop-align-left","12":"tablet-align-left","13":"mobile-align-left","15":"first","16":"instock","17":"shipping-taxable","18":"purchasable","19":"product-type-simple"},"aioseo_notices":[],"jetpack_sharing_enabled":true,"_links":{"self":[{"href":"https:\/\/neurodivershop.com\/index.php\/wp-json\/wp\/v2\/product\/2562","targetHints":{"allow":["GET"]}}],"collection":[{"href":"https:\/\/neurodivershop.com\/index.php\/wp-json\/wp\/v2\/product"}],"about":[{"href":"https:\/\/neurodivershop.com\/index.php\/wp-json\/wp\/v2\/types\/product"}],"wp:featuredmedia":[{"embeddable":true,"href":"https:\/\/neurodivershop.com\/index.php\/wp-json\/wp\/v2\/media\/2564"}],"wp:attachment":[{"href":"https:\/\/neurodivershop.com\/index.php\/wp-json\/wp\/v2\/media?parent=2562"}],"wp:term":[{"taxonomy":"product_brand","embeddable":true,"href":"https:\/\/neurodivershop.com\/index.php\/wp-json\/wp\/v2\/product_brand?post=2562"},{"taxonomy":"product_cat","embeddable":true,"href":"https:\/\/neurodivershop.com\/index.php\/wp-json\/wp\/v2\/product_cat?post=2562"},{"taxonomy":"product_tag","embeddable":true,"href":"https:\/\/neurodivershop.com\/index.php\/wp-json\/wp\/v2\/product_tag?post=2562"}],"curies":[{"name":"wp","href":"https:\/\/api.w.org\/{rel}","templated":true}]}}