{"id":2033,"date":"2022-12-12T14:47:32","date_gmt":"2022-12-12T14:47:32","guid":{"rendered":"https:\/\/neurodivershop.com\/?post_type=product&#038;p=2033"},"modified":"2026-04-16T23:24:47","modified_gmt":"2026-04-16T23:24:47","slug":"mascara-tapa-ojos-para-dormir","status":"publish","type":"product","link":"https:\/\/neurodivershop.com\/index.php\/product\/mascara-tapa-ojos-para-dormir\/","title":{"rendered":"M\u00e1scara tapa ojos para dormir"},"content":{"rendered":"<p>Esta es la mejor m\u00e1scara tapa ojos que vas a tener en tu vida, y te cuento por qu\u00e9:<\/p>\n<p>-Es s\u00faper suave, la tela es muy agradable al tacto y apta para sensibilidad t\u00e1ctil.<\/p>\n<p>-No aprieta y se adapta al tama\u00f1o de tu cabeza porque el cierre atr\u00e1s es con velcro (pero el velcro es algo chico as\u00ed que si tu cabeza es muy grande o muy peque\u00f1a, puede que no te quede).<\/p>\n<p>-Tiene una forma 3d en los ojos para que esos queden c\u00f3modos y con espacio, adem\u00e1s de que est\u00e1 hecha con espuma viscoel\u00e1stica, as\u00ed que es muy acolchadita y c\u00f3moda.<\/p>\n<p>-Es muy c\u00f3moda y tiene un dise\u00f1o que tapa la luz incluso en espacios con mucha luz, as\u00ed que tambi\u00e9n es apto para usar en casos de migra\u00f1a o de sobrecarga lum\u00ednica.<\/p>\n<p>\u00a1Tu sue\u00f1o va a ser oootra cosa con esta m\u00e1scara!<\/p>\n","protected":false},"excerpt":{"rendered":"<p>Esta es la mejor m\u00e1scara tapa ojos que vas a tener en tu vida, y te cuento por qu\u00e9:<\/p>\n<p>-Es s\u00faper suave, la tela es muy agradable al tacto y apta para sensibilidad t\u00e1ctil.<\/p>\n<p>-No aprieta y se adapta al tama\u00f1o de tu cabeza porque el cierre atr\u00e1s es con velcro (pero el velcro es algo chico as\u00ed que si tu cabeza es muy grande o muy peque\u00f1a, puede que no te quede).<\/p>\n<p>-Tiene una forma 3d en los ojos para que esos queden c\u00f3modos y con espacio, adem\u00e1s de que est\u00e1 hecha con espuma viscoel\u00e1stica, as\u00ed que es muy acolchadita y c\u00f3moda.<\/p>\n<p>-Es muy c\u00f3moda y tiene un dise\u00f1o que tapa la luz incluso en espacios con mucha luz, as\u00ed que tambi\u00e9n es apto para usar en casos de migra\u00f1a o de sobrecarga lum\u00ednica.<\/p>\n<p>\u00a1Tu sue\u00f1o va a ser oootra cosa con esta m\u00e1scara!<\/p>\n","protected":false},"featured_media":3282,"template":"","meta":{"om_disable_all_campaigns":false,"_monsterinsights_skip_tracking":false,"_monsterinsights_sitenote_active":false,"_monsterinsights_sitenote_note":"","_monsterinsights_sitenote_category":0,"site-sidebar-layout":"default","site-content-layout":"default","ast-global-header-display":"","ast-main-header-display":"","ast-hfb-above-header-display":"","ast-hfb-below-header-display":"","ast-hfb-mobile-header-display":"","site-post-title":"","ast-breadcrumbs-content":"","ast-featured-img":"","footer-sml-layout":"","theme-transparent-header-meta":"default","adv-header-id-meta":"","stick-header-meta":"","header-above-stick-meta":"","header-main-stick-meta":"","header-below-stick-meta":""},"product_brand":[],"product_cat":[71,33],"product_tag":[36,35,34],"class_list":{"0":"post-2033","1":"product","2":"type-product","3":"status-publish","4":"has-post-thumbnail","6":"product_cat-proteccion-visual","7":"product_cat-tapaojos","8":"product_tag-dormir","9":"product_tag-estilo-de-vida","10":"product_tag-tapaojos","11":"desktop-align-left","12":"tablet-align-left","13":"mobile-align-left","15":"first","16":"instock","17":"shipping-taxable","18":"purchasable","19":"product-type-simple"},"aioseo_notices":[],"jetpack_sharing_enabled":true,"_links":{"self":[{"href":"https:\/\/neurodivershop.com\/index.php\/wp-json\/wp\/v2\/product\/2033","targetHints":{"allow":["GET"]}}],"collection":[{"href":"https:\/\/neurodivershop.com\/index.php\/wp-json\/wp\/v2\/product"}],"about":[{"href":"https:\/\/neurodivershop.com\/index.php\/wp-json\/wp\/v2\/types\/product"}],"wp:featuredmedia":[{"embeddable":true,"href":"https:\/\/neurodivershop.com\/index.php\/wp-json\/wp\/v2\/media\/3282"}],"wp:attachment":[{"href":"https:\/\/neurodivershop.com\/index.php\/wp-json\/wp\/v2\/media?parent=2033"}],"wp:term":[{"taxonomy":"product_brand","embeddable":true,"href":"https:\/\/neurodivershop.com\/index.php\/wp-json\/wp\/v2\/product_brand?post=2033"},{"taxonomy":"product_cat","embeddable":true,"href":"https:\/\/neurodivershop.com\/index.php\/wp-json\/wp\/v2\/product_cat?post=2033"},{"taxonomy":"product_tag","embeddable":true,"href":"https:\/\/neurodivershop.com\/index.php\/wp-json\/wp\/v2\/product_tag?post=2033"}],"curies":[{"name":"wp","href":"https:\/\/api.w.org\/{rel}","templated":true}]}}