{"id":1994,"date":"2022-12-09T16:25:25","date_gmt":"2022-12-09T16:25:25","guid":{"rendered":"https:\/\/neurodivershop.com\/?post_type=product&#038;p=1994"},"modified":"2025-11-01T21:00:52","modified_gmt":"2025-11-01T21:00:52","slug":"giroscopio-antiestress","status":"publish","type":"product","link":"https:\/\/neurodivershop.com\/index.php\/product\/giroscopio-antiestress\/","title":{"rendered":"Giroscopio antiestress"},"content":{"rendered":"<p>Si los spinner te gustan pero los sientes limitados porque solo hacen un tipo de movimiento, esto es para ti: \u00a1gira en todas las direcciones y te dar\u00e1 mucho tiempo de entretenimiento! Adem\u00e1s se puede colocar en posici\u00f3n plana para que sea muy f\u00e1cil de transportar.<\/p>\n","protected":false},"excerpt":{"rendered":"<p>Este cubo se transforma en muchas formas distintas para que puedas entretenerte por horas mientras alimentas tu amor por la astronom\u00eda y, convenientemente, vuelve a convertirse en un cubo compacto y f\u00e1cil de transportar. Es tambi\u00e9n un excelente y original regalo.<\/p>\n","protected":false},"featured_media":1929,"template":"","meta":{"om_disable_all_campaigns":false,"_monsterinsights_skip_tracking":false,"_monsterinsights_sitenote_active":false,"_monsterinsights_sitenote_note":"","_monsterinsights_sitenote_category":0,"site-sidebar-layout":"default","site-content-layout":"default","ast-global-header-display":"","ast-main-header-display":"","ast-hfb-above-header-display":"","ast-hfb-below-header-display":"","ast-hfb-mobile-header-display":"","site-post-title":"","ast-breadcrumbs-content":"","ast-featured-img":"","footer-sml-layout":"","theme-transparent-header-meta":"default","adv-header-id-meta":"","stick-header-meta":"","header-above-stick-meta":"","header-main-stick-meta":"","header-below-stick-meta":""},"product_brand":[],"product_cat":[23],"product_tag":[25,30,27],"class_list":{"0":"post-1994","1":"product","2":"type-product","3":"status-publish","4":"has-post-thumbnail","6":"product_cat-fidgets","7":"product_tag-fidgets","8":"product_tag-spinner","9":"product_tag-transformadores","10":"desktop-align-left","11":"tablet-align-left","12":"mobile-align-left","14":"first","15":"instock","16":"shipping-taxable","17":"purchasable","18":"product-type-simple"},"aioseo_notices":[],"jetpack_sharing_enabled":true,"_links":{"self":[{"href":"https:\/\/neurodivershop.com\/index.php\/wp-json\/wp\/v2\/product\/1994","targetHints":{"allow":["GET"]}}],"collection":[{"href":"https:\/\/neurodivershop.com\/index.php\/wp-json\/wp\/v2\/product"}],"about":[{"href":"https:\/\/neurodivershop.com\/index.php\/wp-json\/wp\/v2\/types\/product"}],"wp:featuredmedia":[{"embeddable":true,"href":"https:\/\/neurodivershop.com\/index.php\/wp-json\/wp\/v2\/media\/1929"}],"wp:attachment":[{"href":"https:\/\/neurodivershop.com\/index.php\/wp-json\/wp\/v2\/media?parent=1994"}],"wp:term":[{"taxonomy":"product_brand","embeddable":true,"href":"https:\/\/neurodivershop.com\/index.php\/wp-json\/wp\/v2\/product_brand?post=1994"},{"taxonomy":"product_cat","embeddable":true,"href":"https:\/\/neurodivershop.com\/index.php\/wp-json\/wp\/v2\/product_cat?post=1994"},{"taxonomy":"product_tag","embeddable":true,"href":"https:\/\/neurodivershop.com\/index.php\/wp-json\/wp\/v2\/product_tag?post=1994"}],"curies":[{"name":"wp","href":"https:\/\/api.w.org\/{rel}","templated":true}]}}